s of (x/(-24))/(2/j)?
5
Let i be 2424/(-39) - 8/(-52). Let c = -17 - i. What are the prime factors of c?
3, 5
Let z(f) = -f**3 + f**2 - f + 1. Let g(y) = 3*y**3 + 4*y**2 + 16*y - 9. Let u(b) = g(b) + 4*z(b). Suppose -5*v = -v - 36. List the prime factors of u(v).
2, 11
What are the prime factors of 2 + (-1521)/((-54)/6)?
3, 19
Suppose 0 = n + m, -2*n + 12 = 2*m - 4*m. Suppose -2*p + n*u + 69 = -50, -5*p - 5*u = -335. List the prime factors of p.
2
Let w(g) be the first derivative of g**2 + 18*g + 8. List the prime factors of w(-5).
2
Let p be 1/2*(-36 - 14). Let o = p - -32. What are the prime factors of o?
7
Let x(z) = z - 11. Let i be x(14). What are the prime factors of ((-148)/6)/((-2)/i)?
37
Suppose -62*x + 217333 = 20483. List the prime factors of x.
5, 127
List the prime factors of (14/(-8) + (-6)/(-8))*-29.
29
What are the prime factors of -3 + (-3)/(-15) + (-16552)/(-40)?
3, 137
Suppose 13*o + 15 = 8*o. What are the prime factors of 16/5*(o - -23)?
2
Let o = 3050 - 1779. List the prime factors of o.
31, 41
Let a = 2140 + -858. List the prime factors of a.
2, 641
Let l = 78 + 86. Let t = l - 110. Let f = t + -22. List the prime factors of f.
2
Let x(k) be the first derivative of k**3/3 - 7*k**2/2 - 6*k + 29. Let w be (-2 - -5) + -1 - -6. What are the prime factors of x(w)?
2
Let n(k) = -12*k + 14. Let u be n(7). Let l = -120 - u. Let a = l - -81. List the prime factors of a.
31
Suppose 2*k - 38 = 2*d + 84, -k = -4*d - 256. Let a = d - -102. Suppose -4*g + 3*i = -a - 88, -2*g + 73 = -5*i. What are the prime factors of g?
29
Let b be (7*1)/((-2)/(-4)). Let x be ((-4)/(-8))/(3/144). Suppose -b*z + 13*z = -x. What are the prime factors of z?
2, 3
List the prime factors of (776 - 6) + (-4 - -3).
769
Let n = 80 + -76. Suppose -4*j + j + 12 = 0, 3*j - 416 = -n*m. What are the prime factors of m?
101
Suppose 3378 = -10*d + 12458. What are the prime factors of d?
2, 227
Let q(f) = -f**2 - 38*f - 22. List the prime factors of q(-15).
17, 19
Suppose -2*m + 179 = 3*u, -2*u + 2 = 12. List the prime factors of m.
97
Suppose -2*j - 2*k + 2772 = 2*j, -5*j - 2*k + 3463 = 0. What are the prime factors of j?
691
Let j = -3 + 729. List the prime factors of j.
2, 3, 11
Let o = 601 + -319. What are the prime factors of o?
2, 3, 47
Let n(o) = -703*o + 162. List the prime factors of n(-8).
2, 11, 263
Let d(c) = c**3 + 7*c**2 - 2*c - 16. Let r be d(-7). List the prime factors of -93*(r + 3)*(2 - 3).
3, 31
Let z = -748 - -518. Let y = z + 357. List the prime factors of y.
127
Suppose -6*z + z = -15. Let l(a) be the second derivative of a**5/20 - a**4/12 - 2*a**3/3 - a**2/2 + 44*a - 2. List the prime factors of l(z).
5
Let v be 1/(3 - (-14)/(-5)). Suppose w - 2*w = -9. Suppose -w = v*p - 194. List the prime factors of p.
37
Let c = 1145 - 23. What are the prime factors of c?
2, 3, 11, 17
Let g(j) = 357*j - 8. List the prime factors of g(1).
349
Let q(o) = -2*o + 6. Let h = 3 - -4. Let a(k) = -k + 3. Let d(m) = h*a(m) - 4*q(m). What are the prime factors of d(13)?
2, 5
Let w = -215 + 673. List the prime factors of w.
2, 229
Let w = -1653 - -4973. What are the prime factors of w?
2, 5, 83
Suppose -3*v - z + 1309 = 0, -2*z - 432 = -v + 2*z. What are the prime factors of v?
2, 109
Suppose -4*f = -0*f + 4*x + 8, 8 = -4*f - 5*x. Let a = 58 + f. Suppose m + 5*j - 35 = 0, -a = -5*m - 3*j + 31. List the prime factors of m.
3, 5
Suppose 4*g = -2*a - 12, 3*a - g - 1 = 9. Suppose 3*n - a*n = 82. What are the prime factors of n?
2, 41
What are the prime factors of ((-8)/1 - 1)/((-13)/3419)?
3, 263
Suppose 2*j + 214140 = 88*j. List the prime factors of j.
2, 3, 5, 83
Suppose -2*q - 285 = -7*q. Let p = q - 19. List the prime factors of p.
2, 19
What are the prime factors of ((-1)/3)/(-8 + (-6377)/(-798))?
2, 19
Suppose 6 - 1 = h. Suppose 409 = 4*y + h*x, -4*y + 2*x = -0*y - 374. Let r = -51 + y. What are the prime factors of r?
3, 5
Suppose 0 = -6*j + 92 - 26. Suppose 0 = j*g - 6*g - 5. Let w = 19 - g. What are the prime factors of w?
2, 3
Suppose -2*m + 34*w + 1238 = 35*w, 5*w + 597 = m. What are the prime factors of m?
617
Let k(a) = -22*a**2 - 10 - 12*a + 10*a**2 + 16*a**2. List the prime factors of k(7).
2, 3, 17
Suppose -3*b = 10*b - 533. Suppose c + 8*z + 16 = 4*z, 8 = 3*c - 2*z. Suppose b = o - c*o. What are the prime factors of o?
41
Let k(g) = 35*g + 2. Let u be k(1). Suppose -5*i = -487 + u. What are the prime factors of i?
2, 3, 5
Let n = -15 + 17. Suppose n*k + 2*k + 100 = 0. Let o = k + 41. What are the prime factors of o?
2
Let m(k) = 4*k + 25. Let u be m(-3). Suppose -110 = u*z - 18*z. What are the prime factors of z?
2, 11
Let f = 4998 + -2677. What are the prime factors of f?
11, 211
Let j be 2 - 3 - 44/(-1). Let o = j - -19. Let x = 0 + o. List the prime factors of x.
2, 31
Suppose -96*z + 12792 = -496872. List the prime factors of z.
5309
Let i be -1*2/(-4)*(7 + -1). Suppose -4*c - 5*l + 1029 = 0, i*c + l - 758 = -0*c. List the prime factors of c.
251
Let b(s) = s + 10. Let l be b(-7). Suppose -2*x = l*x. What are the prime factors of (1 + x)*(-2 - -19)?
17
Let g(b) = b**3 + 20*b**2 + 19*b - 41. List the prime factors of g(-17).
503
Suppose -10 = -4*w + 3*t, -4*w = -w + 5*t + 7. Let i be 1*(-2 - -3) + w. Suppose -l + d = l - 16, -22 = -i*l + 4*d. What are the prime factors of l?
7
Suppose 3*k + 48 = 6*k. Suppose -k = -m - 4*r, -4*r - r + 15 = 0. Suppose -2*y = -5*y - 12, m = 3*w + 2*y. List the prime factors of w.
2
Suppose -3*h = 2*k - 8 + 1, -5*k = 4*h - 7. Suppose -3*z - 99 = -5*l - 26, 0 = -2*l + h*z + 31. Suppose a + l = 2*a. What are the prime factors of a?
2, 7
Let w(a) be the first derivative of a**2 + 6*a - 11. Let f be w(6). Suppose 56 = u + 3*m, 242 + f = 5*u + 5*m. What are the prime factors of u?
2, 5
Let b = -1867 - -2920. List the prime factors of b.
3, 13
List the prime factors of (-35130 + -1)/(-19) + 1*2.
3, 617
Let h be 6/2 - (3 - 3). Suppose 0 = h*w - 43 - 29. Suppose 4*q - 3*q = w. What are the prime factors of q?
2, 3
Suppose -5*m = -0*f + 2*f + 53, 5*m = -4*f - 81. Let l = f - -16. List the prime factors of (-4)/l + (22 - 13).
7
Let q = 20 - 22. Let x = q - -17. List the prime factors of x.
3, 5
Suppose -2*d - 38 = -12. Let h be (6/(-4))/(d/26). Suppose 4*q = -2*g + 296, 0 = h*q - 2*g - 0*g - 208. What are the prime factors of q?
2, 3
Let d be 1470/(-9) + (-20)/12 + 2. Let m = 80 - d. What are the prime factors of m?
3
Suppose 0 = -3*g - 7 + 16. Suppose 5*r = q - 14, -5*q - 4*r + 18 = -g*r. Suppose 0 = 2*h - 4 - q. What are the prime factors of h?
2
Let p(w) = w**3 - 15*w**2 - 20*w + 58. What are the prime factors of p(17)?
2, 37
Suppose -53 + 8 = 5*s. List the prime factors of (11 + s)/(1/13).
2, 13
Let k be ((-3)/2)/(2/(-4)). Suppose -150 = -8*u + k*u. Suppose u - 150 = -3*q. What are the prime factors of q?
2, 5
What are the prime factors of ((-1886)/(-3))/(-6 + 220/33)?
23, 41
List the prime factors of (144/(-108))/(1/(399/(-2))).
2, 7, 19
Suppose 0 = 9*t - 0*t - 13113. List the prime factors of t.
31, 47
Let v be (-1)/2 - (-786)/(-4). Let f = -116 - v. Let l = f - 56. What are the prime factors of l?
5
Let t = 27 + -18. Let n = t - 7. Suppose 0 = -3*s + 5*i + 129, -2*s + 3 = -n*i - 83. What are the prime factors of s?
43
Suppose -446*x = -448*x + 2436. List the prime factors of x.
2, 3, 7, 29
What are the prime factors of 24323/117 - (-2)/18?
2, 13
Suppose 0 = -6*h + 5*h + 3. Suppose -a - 15 = -z, h*z + a - 2*a - 37 = 0. Suppose 3*o - 8 = o + 2*u, -2*o - u + z = 0. What are the prime factors of o?
5
Let s(f) = 2*f**2 - 15*f - 7. Let x be s(10). Let h(w) = 5*w**2 - 4*w - 2. Let p be h(-3). Suppose x + p = 2*o. List the prime factors of o.
7
Let o = -186 + 432. Let d = -78 + o. List the prime factors of d.
2, 3, 7
Suppose 14*u - 3 = 13*u. Let x(f) = -2*f + 3. Let z be x(u). List the prime factors of (61 - 2)*(-3)/z.
59
Let z be (2/(-3))/(2/(-12)). Suppose 22 = -0*b + b + 2*y, -2*b + 68 = -z*y. List the prime factors of b.
2, 7
Let k(h) = 5*h**2 - 166. List the prime factors of k(15).
7, 137
List the prime factors of 3*1/12 - 14192/(-64).
2, 3, 37
Let y(b) = 11*b**2 + b + 226. List the prime factors of y(0).
2, 113
Let h(v) = -3*v**3 - 23*v**2 + 79*v - 34. List the prime factors of h(-15).
7, 13, 41
Suppose -3*c = c - 8. Suppose